is divided by 25?
3
Calculate the remainder when 1078 is divided by 137.
119
What is the remainder when 111 is divided by 59?
52
Calculate the remainder when 7 is divided by 4.
3
Calculate the remainder when 16 is divided by 7.
2
Calculate the remainder when 335 is divided by 21.
20
Calculate the remainder when 736 is divided by 39.
34
Calculate the remainder when 8122 is divided by 239.
235
What is the remainder when 62 is divided by 28?
6
Calculate the remainder when 122 is divided by 44.
34
What is the remainder when 4336 is divided by 240?
16
What is the remainder when 1048 is divided by 16?
8
What is the remainder when 472 is divided by 119?
115
Calculate the remainder when 3963 is divided by 284.
271
What is the remainder when 365 is divided by 105?
50
What is the remainder when 1951 is divided by 107?
25
Calculate the remainder when 1801 is divided by 57.
34
Calculate the remainder when 710 is divided by 21.
17
What is the remainder when 182 is divided by 25?
7
Calculate the remainder when 3455 is divided by 19.
16
Calculate the remainder when 8639 is divided by 35.
29
What is the remainder when 46 is divided by 3?
1
What is the remainder when 1821 is divided by 16?
13
Calculate the remainder when 4171 is divided by 29.
24
What is the remainder when 975 is divided by 314?
33
What is the remainder when 262 is divided by 88?
86
Calculate the remainder when 31 is divided by 15.
1
What is the remainder when 71 is divided by 52?
19
Calculate the remainder when 589 is divided by 59.
58
Calculate the remainder when 309 is divided by 98.
15
What is the remainder when 652 is divided by 180?
112
Calculate the remainder when 85 is divided by 46.
39
What is the remainder when 1311 is divided by 11?
2
What is the remainder when 211 is divided by 127?
84
Calculate the remainder when 60 is divided by 38.
22
What is the remainder when 4885 is divided by 1628?
1
Calculate the remainder when 340 is divided by 9.
7
What is the remainder when 11615 is divided by 176?
175
Calculate the remainder when 2224 is divided by 219.
34
Calculate the remainder when 214 is divided by 105.
4
Calculate the remainder when 12634 is divided by 133.
132
Calculate the remainder when 366 is divided by 105.
51
Calculate the remainder when 655 is divided by 82.
81
What is the remainder when 11 is divided by 3?
2
Calculate the remainder when 183 is divided by 37.
35
What is the remainder when 10799 is divided by 60?
59
What is the remainder when 294 is divided by 213?
81
What is the remainder when 9455 is divided by 49?
47
Calculate the remainder when 307 is divided by 83.
58
Calculate the remainder when 1676 is divided by 12.
8
What is the remainder when 344 is divided by 75?
44
Calculate the remainder when 458 is divided by 154.
150
Calculate the remainder when 998 is divided by 341.
316
Calculate the remainder when 154 is divided by 47.
13
What is the remainder when 1151 is divided by 162?
17
Calculate the remainder when 142 is divided by 11.
10
What is the remainder when 304 is divided by 8?
0
What is the remainder when 178 is divided by 86?
6
What is the remainder when 26 is divided by 11?
4
Calculate the remainder when 429 is divided by 86.
85
What is the remainder when 1663 is divided by 15?
13
Calculate the remainder when 431 is divided by 202.
27
Calculate the remainder when 2749 is divided by 914.
7
What is the remainder when 3882 is divided by 29?
25
What is the remainder when 6300 is divided by 11?
8
Calculate the remainder when 355 is divided by 40.
35
Calculate the remainder when 480 is divided by 23.
20
What is the remainder when 19518 is divided by 9?
6
Calculate the remainder when 942 is divided by 85.
7
Calculate the remainder when 1922 is divided by 84.
74
What is the remainder when 156 is divided by 40?
36
What is the remainder when 2021 is divided by 254?
243
Calculate the remainder when 1324 is divided by 439.
7
What is the remainder when 41 is divided by 32?
9
Calculate the remainder when 286 is divided by 135.
16
Calculate the remainder when 600 is divided by 67.
64
Calculate the remainder when 2762 is divided by 22.
12
What is the remainder when 1721 is divided by 24?
17
What is the remainder when 149 is divided by 38?
35
Calculate the remainder when 105 is divided by 4.
1
What is the remainder when 60 is divided by 33?
27
What is the remainder when 50 is divided by 15?
5
What is the remainder when 1288 is divided by 43?
41
What is the remainder when 943 is divided by 130?
33
Calculate the remainder when 3296 is divided by 157.
156
Calculate the remainder when 315 is divided by 96.
27
Calculate the remainder when 184 is divided by 49.
37
Calculate the remainder when 762 is divided by 155.
142
What is the remainder when 462 is divided by 36?
30
What is the remainder when 288 is divided by 21?
15
What is the remainder when 184 is divided by 86?
12
Calculate the remainder when 226 is divided by 104.
18
What is the remainder when 648 is divided by 7?
4
Calculate the remainder when 753 is divided by 13.
12
What is the remainder when 1387 is divided by 87?
82
What is the remainder when 662 is divided by 47?
4
What is the remainder when 440 is divided by 153?
134
Calculate the remainder when 904 is divided by 151.
149
What is the remainder when 40 is divided by 9?
4
Calculate the remainder when 9 is divided by 2.
1
What is the remainder when 1341 is divided by 48?
45
What is the remainder when 195 is divided by 63?
6
Calculate the remainder when 141 is divided by 9.
6
Calculate the remainder when 216 is divided by 107.
2
Calculate the remainder when 55 is divided by 20.
15
What is the remainder when 1224 is divided by 59?
44
Calculate the remainder when 160 is divided by 78.
4
Calculate the remainder when 27 is divided by 14.
13
Calculate the remainder when 732 is divided by 144.
12
Calculate the remainder when 794 is divided by 21.
17
What is the remainder when 1650 is divided by 1648?
2
What is the remainder when 169 is divided by 45?
34
Calculate the remainder when 360 is divided by 61.
55
What is the remainder when 490 is divided by 29?
26
Calculate the remainder when 437 is divided by 70.
17
Calculate the remainder when 686 is divided by 244.
198
Calculate the remainder when 103 is divided by 28.
19
Calculate the remainder when 1679 is divided by 33.
29
Calculate the remainder when 22 is divided by 7.
1
What is the remainder when 1266 is divided by 27?
24
What is the remainder when 325 is divided by 30?
25
What is the remainder when 198 is divided by 52?
42
What is the remainder when 835 is divided by 172?
147
What is the remainder when 51 is divided by 13?
12
What is the remainder when 582 is divided by 150?
132
Calculate the remainder when 1388 is divided by 143.
101
Calculate the remainder when 80 is divided by 21.
17
What is the remainder when 362 is divided by 69?
17
What is the remainder when 75 is divided by 18?
3
Calculate the remainder when 241 is divided by 52.
33
Calculate the remainder when 235 is divided by 77.
4
What is the remainder when 3439 is divided by 856?
15
Calculate the remainder when 2182 is divided by 200.
182
What is the remainder when 2218 is divided by 20?
18
Calculate the remainder when 225 is divided by 49.
29
What is the remainder when 830 is divided by 19?
13
What is the remainder when 753 is divided by 54?
51
Calculate the remainder when 3118 is divided by 14.
10
Calculate the remainder when 63061 is divided by 147.
145
What is the remainder when 428 is divided by 100?
28
What is the remainder when 232 is divided by 117?
115
What is the remainder when 17 is divided by 13?
4
Calculate the remainder when 38 is divided by 10.
8
Calculate the remainder when 103 is divided by 30.
13
What is the remainder when 68 is divided by 22?
2
Calculate the remainder when 422 is divided by 31.
19
What is the remainder when 3125 is divided by 150?
125
Calculate the remainder when 227 is divided by 41.
22
Calculate the remainder when 855 is divided by 3.
0
Calculate the remainder when 174 is divided by 154.
20
Calculate the remainder when 81 is divided by 2.
1
What is the remainder when 2072 is divided by 341?
26
What is the remainder when 336 is divided by 85?
81
Calculate the remainder when 298 is divided by 38.
32
What is the remainde